{"id":26,"date":"2025-08-07T15:24:53","date_gmt":"2025-08-07T15:24:53","guid":{"rendered":"https:\/\/bordaspiscina.com.br\/loja\/?page_id=26"},"modified":"2025-08-07T15:26:06","modified_gmt":"2025-08-07T15:26:06","slug":"politica-de-privacidade","status":"publish","type":"page","link":"https:\/\/bordaspiscina.com.br\/loja\/politica-de-privacidade\/","title":{"rendered":"Pol\u00edtica de Privacidade"},"content":{"rendered":"\t\t<div data-elementor-type=\"wp-page\" data-elementor-id=\"26\" class=\"elementor elementor-26\" data-elementor-post-type=\"page\">\n\t\t\t\t<div class=\"elementor-element elementor-element-883accf e-flex e-con-boxed e-con e-parent\" data-id=\"883accf\" data-element_type=\"container\" data-settings=\"{&quot;background_background&quot;:&quot;classic&quot;}\">\n\t\t\t\t\t<div class=\"e-con-inner\">\n\t\t\t\t<div class=\"elementor-element elementor-element-bdcc4e9 elementor-widget elementor-widget-text-editor\" data-id=\"bdcc4e9\" data-element_type=\"widget\" data-widget_type=\"text-editor.default\">\n\t\t\t\t\t\t\t\t\t<h5 class=\"wp-block-heading\"><strong>POL\u00cdTICA DE PRIVACIDADE DE DADOS<\/strong><\/h5>\n<p>A Loja\u00a0GENESIS COMERCIO VAREJISTA DE PISOS E REVESTIMENTOS \u2013 CNPJ: 48.407.804\/0001-36\u00a0se compromete com a seguran\u00e7a de seus dados e \u00e9 claro que aqui na nossa loja oficial n\u00e3o \u00e9 diferente. Mantemos suas informa\u00e7\u00f5es no mais absoluto sigilo!<\/p>\n<p>Priorizamos a privacidade e a seguran\u00e7a de nossos clientes durante todo o processo de navega\u00e7\u00e3o e compra pelo site. Todos os dados cadastrados (nome, endere\u00e7o, CPF) nunca ser\u00e3o comercializados ou trocados. Alguns dados, necess\u00e1rios para que empresas de log\u00edstica e meios de pagamento possam realizar a cobran\u00e7a e envio de seu pedido, ser\u00e3o divulgados para terceiros, quando tais informa\u00e7\u00f5es forem necess\u00e1rias para o processo de entrega e cobran\u00e7a. Seus dados pessoais s\u00e3o fundamentais para que seu pedido chegue em seguran\u00e7a.<\/p>\n<p>Utilizamos cookies e informa\u00e7\u00f5es de sua navega\u00e7\u00e3o com o objetivo de tra\u00e7ar um perfil do p\u00fablico que visita o site e, assim, podermos aperfei\u00e7oar nossos servi\u00e7os, produtos e conte\u00fados, tudo conforme o regulamentado pela Lei Geral de Prote\u00e7\u00e3o de Dados. Durante todo este processo, mantemos suas informa\u00e7\u00f5es em sigilo absoluto.<\/p>\n<p><strong>O que \u00e9 a LGPD?<\/strong><\/p>\n<p>A Lei Geral de Prote\u00e7\u00e3o de Dados (Lei n\u00ba 13.709\/2018) regulamenta o tratamento de dados pessoais de clientes e usu\u00e1rios por parte de empresas p\u00fablicas e privadas.<\/p>\n<p><strong>O que s\u00e3o dados pessoais?<\/strong><\/p>\n<p>Dados pessoais s\u00e3o quaisquer informa\u00e7\u00f5es capazes de identificar voc\u00ea e\/ou qualquer pessoa f\u00edsica. Ou seja, s\u00e3o considerados dados pessoais n\u00e3o s\u00f3 aqueles que identificam uma pessoa imediatamente (como nome, sobrenome, CPF, RG, CNH, Carteira de Trabalho, passaporte e t\u00edtulo de eleitor), como tamb\u00e9m aqueles que, em conjunto com outros dados, tornam uma pessoa identific\u00e1vel. Dados como g\u00eanero, idade, telefone, e-mail, ainda que n\u00e3o sejam capazes de identificar algu\u00e9m de imediato, em conjunto, tornam a pessoa pass\u00edvel de identifica\u00e7\u00e3o.<\/p>\n<p><strong>O que \u00e9 tratamento de dados?<\/strong><\/p>\n<p>\u00c9 o termo utilizado pela LGPD que resume tudo o que uma empresa pode fazer com dados pessoais a que tem acesso, como coleta, qualifica\u00e7\u00e3o, compartilhamento e exclus\u00e3o.<\/p>\n<p><strong>O que s\u00e3o cookies?<\/strong><\/p>\n<p>S\u00e3o pequenos arquivos de texto enviados para seu navegador, contendo registros sobre seu comportamento ao acessar um site, mas que n\u00e3o armazenam dados pessoais ou afetam o sistema do seu dispositivo Utilizamos\u00a0<em>cookies<\/em>,\u00a0<em>pixels<\/em>\u00a0e outras tecnologias para reconhecer seu navegador ou dispositivo, aprender mais sobre seus interesses, apresentar servi\u00e7os essenciais, aperfei\u00e7oar a sua experi\u00eancia de navega\u00e7\u00e3o e, ainda, para impedir atividades fraudulentas e melhorar a sua seguran\u00e7a no processo de compra em nossa loja.<\/p>\n<p><strong>Cookies da Sess\u00e3o<\/strong><\/p>\n<p>Cookies da sess\u00e3o s\u00e3o cookies tempor\u00e1rios que s\u00e3o utilizados para lembrar de voc\u00ea durante o curso da sua visita ao site, e eles perdem a validade quando voc\u00ea fecha o navegador.<\/p>\n<p><strong>Cookies Persistentes<\/strong><\/p>\n<p>Cookies persistentes s\u00e3o utilizados para medir a efic\u00e1cia de nosso site, bem como lembrar suas prefer\u00eancias do site, e permanecem no seu desktop ou dispositivo m\u00f3vel mesmo depois de voc\u00ea fechar o seu navegador ou efetuar uma reinicializa\u00e7\u00e3o. Utilizamos tais cookies para analisar o comportamento do usu\u00e1rio e estabelecer padr\u00f5es, de modo a melhorar a funcionalidade do nosso site para voc\u00ea e outros que o visitam. Estes cookies tamb\u00e9m nos permitem oferecer os an\u00fancios segmentados e medir a efic\u00e1cia do nosso site, al\u00e9m da funcionalidade de tais an\u00fancios.<\/p>\n<p><strong>Como usamos os dados pessoais que coletamos?<\/strong><\/p>\n<p>Voc\u00ea\u00a0 est\u00e1 ciente de que fornece informa\u00e7\u00e3o de forma consciente e volunt\u00e1ria por meio de aceite dos cookies da p\u00e1gina, bem como no momento de realiza\u00e7\u00e3o de um pedido no site e\/ou cadastro em nosso site. Quando voc\u00ea o realiza o cadastro e\/ou preenche formul\u00e1rio oferecido pela\u00a0GENESIS COMERCIO VAREJISTA DE PISOS E REVESTIMENTOS, inclusive nos sites por ela operados, determinados Dados Pessoais solicitados ser\u00e3o mantidos em sigilo e ser\u00e3o utilizados apenas para o prop\u00f3sito que motivou o cadastro, n\u00e3o sendo divulgados a terceiros, a n\u00e3o ser no cumprimento de ordens judiciais e\/ou emitidas por autoridades p\u00fablicas.<\/p>\n<p>Para que estes dados permane\u00e7am seguros, recomendamos que voc\u00ea jamais forne\u00e7a seus dados de acesso ao site (login e senha) a terceiros, mesmo que sejam amigos e parentes. Em caso de suspeita ou confirma\u00e7\u00e3o de acesso indevido, entre imediatamente em sua \u00e1rea de cliente e altere a senha.<\/p>\n<p><strong>Por quanto tempo usamos os dados pessoais que coletamos?<\/strong><\/p>\n<p>Os Dados Pessoais s\u00e3o armazenados somente pelo tempo necess\u00e1rio para cumprir com as finalidades para as quais foram coletados, salvo se houver outra raz\u00e3o para a sua manuten\u00e7\u00e3o, a exemplo do cumprimento de quaisquer obriga\u00e7\u00f5es legais, regulat\u00f3rias, contratuais, entre outras.<\/p>\n<p><strong>Quais os seus direitos?<\/strong><\/p>\n<p>Voc\u00ea tem direito de solicitar \u00e0\u00a0GENESIS,\u00a0informa\u00e7\u00f5es referentes ao tratamento de seus dados pessoais, por meio dos pedidos abaixo:<\/p>\n<p>I. Confirma\u00e7\u00e3o da exist\u00eancia de tratamento de dados pessoais seus e acesso aos dados;<\/p>\n<p>II. Corre\u00e7\u00e3o de dados incompletos, inexatos ou desatualizados \u2013 \u00e9 importante que os dados pessoais sejam precisos e atuais e cabe a voc\u00ea mant\u00ea-los corretos e atualizados;<\/p>\n<p>III. Anonimiza\u00e7\u00e3o, bloqueio ou elimina\u00e7\u00e3o de dados desnecess\u00e1rios, excessivos ou tratados em desconformidade com a LGPD \u2013 voc\u00ea poder\u00e1 solicitar o bloqueio e a elimina\u00e7\u00e3o de seus dados pessoais, salvo nos casos previstos em lei;<\/p>\n<p>IV. Portabilidade dos dados a outro fornecedor de servi\u00e7o ou produto, mediante requisi\u00e7\u00e3o expressa, de acordo com a regulamenta\u00e7\u00e3o da Autoridade Nacional, observados os segredos comercial e industrial \u2013 a portabilidade dos dados pessoais n\u00e3o inclui dados j\u00e1 anonimizados pela\u00a0GENESIS COMERCIO VAREJISTA DE PISOS E REVESTIMENTOS;<\/p>\n<p>V. Informa\u00e7\u00e3o sobre o compartilhamento de dados com entidades p\u00fablicas e privadas;<\/p>\n<p>VI. Informa\u00e7\u00e3o sobre a possibilidade de n\u00e3o fornecer consentimento e sobre as consequ\u00eancias da negativa: a\u00a0GENESIS COMERCIO VAREJISTA DE PISOS E REVESTIMENTOS\u00a0est\u00e1 dispon\u00edvel para atender e auxiliar, de forma transparente, quaisquer d\u00favidas que possam existir em fun\u00e7\u00e3o do tratamento dos seus dados pessoais, inclusive sobre os poss\u00edveis impactos decorrentes do n\u00e3o fornecimento do consentimento;<\/p>\n<p>VII. Revoga\u00e7\u00e3o do consentimento: voc\u00ea pode retirar o seu consentimento em rela\u00e7\u00e3o \u00e0s atividades de tratamento que o requerem;<\/p>\n<p>Para qualquer dos pedidos elencados acima, voc\u00ea dever\u00e1 entrar em contato com a\u00a0GENESIS\u00a0por meio das informa\u00e7\u00f5es de contato disponibilizadas.<\/p>\n<p>Cadastre-se e compre com tranquilidade, sem preocupa\u00e7\u00f5es.<\/p>\n<p>As altera\u00e7\u00f5es sobre nossa pol\u00edtica de privacidade ser\u00e3o devidamente informadas neste espa\u00e7o.<\/p>\n<p>A\u00a0GENESIS COMERCIO VAREJISTA DE PISOS E REVESTIMENTOS\u00a0garante que utiliza os seus dados pessoais de endere\u00e7amento, pagamento e conte\u00fado do pedido, apenas para fins de processamento dos pedidos realizados, n\u00e3o sendo, portanto, divulgados em hip\u00f3tese alguma. Em rela\u00e7\u00e3o \u00e0 seguran\u00e7a no tr\u00e1fego de dados, toda a navega\u00e7\u00e3o realizada em nosso site, bem como as transa\u00e7\u00f5es que envolverem pagamento, seja por cart\u00e3o de cr\u00e9dito ou n\u00e3o, estar\u00e3o criptografadas com a tecnologia SSL (<em>Secure Socket Layer<\/em>). Isso significa que s\u00f3 a loja tem acesso a suas informa\u00e7\u00f5es pessoais e mais ningu\u00e9m. Quando voc\u00ea preenche os dados e nos envia, eles s\u00e3o criptografados, o que faz com que, durante o trajeto pela Internet, fiquem irreconhec\u00edveis, assegurando a confidencialidade. Verifique, abaixo, um resumo dos nossos certificados de seguran\u00e7a:<\/p>\n<p><strong>Certificados de seguran\u00e7a<\/strong><\/p>\n<p>CERTIFICADO SSL: O certificado digital SSL \u00e9 o n\u00edvel de seguran\u00e7a mais alto e obrigat\u00f3rio para todos os sites que realizam transmiss\u00e3o de dados, como, por exemplo, nos e-commerces que solicitam informa\u00e7\u00f5es sens\u00edveis aos clientes, como e-mail e dados do cart\u00e3o de cr\u00e9dito. Esse certificado pode ser verificado pelo cadeado verde na barra de navega\u00e7\u00e3o que atesta que o site protege as informa\u00e7\u00f5es que s\u00e3o enviadas pelos clientes por meio de criptografia de dados, o que praticamente elimina a possibilidade de intercepta\u00e7\u00e3o de dados. Sites seguros s\u00e3o acessados pelo prefixo HTTPS, os sites que possuem acesso apenas pelo prefixo HTTP n\u00e3o s\u00e3o seguros e n\u00e3o criptografam as informa\u00e7\u00f5es. Confira o cadeado verde e o prefixo HTTPS no seu navegador e verifique o nosso selo de Certificado SSL no rodap\u00e9 da p\u00e1gina.<\/p>\t\t\t\t\t\t\t\t<\/div>\n\t\t\t\t\t<\/div>\n\t\t\t\t<\/div>\n\t\t\t\t<\/div>\n\t\t","protected":false},"excerpt":{"rendered":"<p>POL\u00cdTICA DE PRIVACIDADE DE DADOS A Loja\u00a0GENESIS COMERCIO VAREJISTA DE PISOS E REVESTIMENTOS \u2013 CNPJ: 48.407.804\/0001-36\u00a0se compromete com a seguran\u00e7a de seus dados e \u00e9 claro que aqui na nossa loja oficial n\u00e3o \u00e9 diferente. Mantemos suas informa\u00e7\u00f5es no mais absoluto sigilo! Priorizamos a privacidade e a seguran\u00e7a de nossos clientes durante todo o processo [&hellip;]<\/p>\n","protected":false},"author":1,"featured_media":0,"parent":0,"menu_order":0,"comment_status":"closed","ping_status":"closed","template":"","meta":{"footnotes":""},"class_list":["post-26","page","type-page","status-publish","hentry"],"_links":{"self":[{"href":"https:\/\/bordaspiscina.com.br\/loja\/wp-json\/wp\/v2\/pages\/26","targetHints":{"allow":["GET"]}}],"collection":[{"href":"https:\/\/bordaspiscina.com.br\/loja\/wp-json\/wp\/v2\/pages"}],"about":[{"href":"https:\/\/bordaspiscina.com.br\/loja\/wp-json\/wp\/v2\/types\/page"}],"author":[{"embeddable":true,"href":"https:\/\/bordaspiscina.com.br\/loja\/wp-json\/wp\/v2\/users\/1"}],"replies":[{"embeddable":true,"href":"https:\/\/bordaspiscina.com.br\/loja\/wp-json\/wp\/v2\/comments?post=26"}],"version-history":[{"count":4,"href":"https:\/\/bordaspiscina.com.br\/loja\/wp-json\/wp\/v2\/pages\/26\/revisions"}],"predecessor-version":[{"id":284,"href":"https:\/\/bordaspiscina.com.br\/loja\/wp-json\/wp\/v2\/pages\/26\/revisions\/284"}],"wp:attachment":[{"href":"https:\/\/bordaspiscina.com.br\/loja\/wp-json\/wp\/v2\/media?parent=26"}],"curies":[{"name":"wp","href":"https:\/\/api.w.org\/{rel}","templated":true}]}}